te?
True
Is 26731 a composite number?
False
Is 17887 a prime number?
False
Is 132067 a composite number?
True
Is 17103 a composite number?
True
Is 50487 a composite number?
True
Is 1442887 a composite number?
False
Is 146161 composite?
False
Is 3163 a prime number?
True
Is 37803 prime?
False
Is 396211 a prime number?
False
Is 16671 a prime number?
False
Is 502487 prime?
True
Is 17657 composite?
False
Is 1727 composite?
True
Is 344111 composite?
False
Is 1631 prime?
False
Is 34253 prime?
True
Is 1618891 composite?
False
Is 82279 composite?
False
Is 44017 prime?
True
Is 1149403 a composite number?
False
Is 4547 composite?
False
Is 64591 a prime number?
True
Is 320701 prime?
False
Is 613 a prime number?
True
Is 4811 prime?
False
Is 884287 composite?
False
Is 5699 a prime number?
False
Is 90723 composite?
True
Is 7493 prime?
False
Is 1787303 prime?
False
Is 8039 prime?
True
Is 68171 prime?
True
Is 50885 a prime number?
False
Is 287 a composite number?
True
Is 1961 prime?
False
Is 1243 composite?
True
Is 33094 composite?
True
Is 20446 prime?
False
Is 55249 a composite number?
False
Is 27007 composite?
True
Is 865927 composite?
True
Is 2569 prime?
False
Is 17074 a prime number?
False
Is 105445 a prime number?
False
Is 31873 a composite number?
False
Is 1145 a prime number?
False
Is 498805 a composite number?
True
Is 8143 a prime number?
False
Is 2023421 a composite number?
False
Is 1090937 a composite number?
False
Is 34399 prime?
False
Is 39965 prime?
False
Is 186601 a composite number?
False
Is 2129 a composite number?
False
Is 130673 a composite number?
True
Is 2267 a composite number?
False
Is 21759 composite?
True
Is 21269 composite?
False
Is 45449 prime?
False
Is 64849 prime?
True
Is 13669 prime?
True
Is 296665 composite?
True
Is 584141 composite?
False
Is 23597 a prime number?
False
Is 14813 a composite number?
False
Is 29771 composite?
True
Is 15299 composite?
False
Is 26737 a composite number?
False
Is 41579 a prime number?
True
Is 360481 a prime number?
False
Is 75749 a prime number?
False
Is 81857 a prime number?
False
Is 20077 prime?
False
Is 28523 composite?
True
Is 45091 composite?
True
Is 747457 a composite number?
False
Is 6247 a composite number?
False
Is 255313 a prime number?
True
Is 589943 a composite number?
True
Is 43117 composite?
False
Is 279687 a prime number?
False
Is 300397 prime?
True
Is 32003 a composite number?
False
Is 143357 composite?
False
Is 131873 a composite number?
True
Is 47587 prime?
False
Is 624115 composite?
True
Is 299933 a prime number?
True
Is 47983 a composite number?
True
Is 44141 a composite number?
True
Is 142271 a prime number?
True
Is 331 composite?
False
Is 9199 a prime number?
True
Is 7669 a prime number?
True
Is 556451 composite?
True
Is 115201 a prime number?
True
Is 1363883 prime?
True
Is 10895 composite?
True
Is 247183 a prime number?
True
Is 266483 composite?
True
Is 49291 a composite number?
True
Is 69077 a composite number?
True
Is 20182 a prime number?
False
Is 1761 composite?
True
Is 1079173 prime?
True
Is 4201 composite?
False
Is 822905 prime?
False
Is 6401 composite?
True
Is 390953 a composite number?
False
Is 1689 prime?
False
Is 17231 composite?
False
Is 247067 composite?
False
Is 238513 prime?
False
Is 20089 composite?
False
Is 41879 prime?
True
Is 790214 prime?
False
Is 472247 prime?
True
Is 15591 composite?
True
Is 608269 a prime number?
True
Is 47129 a prime number?
True
Is 59054 composite?
True
Is 1369645 prime?
False
Is 32531 composite?
False
Is 123415 composite?
True
Is 1234 composite?
True
Is 394673 composite?
False
Is 4411 a prime number?
False
Is 568373 composite?
True
Is 1297873 prime?
True
Is 1070543 a prime number?
True
Is 1841 a prime number?
False
Is 211333 a composite number?
False
Is 678683 composite?
True
Is 790501 a composite number?
False
Is 1041681 composite?
True
Is 18329 a prime number?
True
Is 264409 a prime number?
False
Is 374953 a composite number?
False
Is 721249 prime?
False
Is 129526 prime?
False
Is 2637269 a composite number?
False
Is 1865663 a prime number?
False
Is 52351 composite?
True
Is 20159 composite?
True
Is 10427 a prime number?
True
Is 1452061 composite?
True
Is 377459 a prime number?
True
Is 28783 a prime number?
False
Is 19847 composite?
True
Is 293 a composite number?
False
Is 440807 a prime number?
True
Is 72859 a prime number?
True
Is 61849 a composite number?
True
Is 1447899 a prime number?
False
Is 92585 composite?
True
Is 3727387 a composite number?
False
Is 180731 prime?
True
Is 7433 composite?
False
Is 9977 composite?
True
Is 22181 prime?
False
Is 6331 a composite number?
True
Is 106055 prime?
False
Is 18947 prime?
True
Is 1171 prime?
True
Is 248971 a prime number?
True
Is 636313 a composite number?
False
Is 13835 composite?
True
Is 123751 a composite number?
True
Is 3427 a prime number?
False
Is 6719 a prime number?
True
Is 267107 prime?
False
Is 3277 a composite number?
True
Is 257573 prime?
False
Is 755087 a composite number?
False
Is 14263 prime?
False
Is 2562571 prime?
False
Is 830233 a composite number?
False
Is 129011 composite?
False
Is 39329 prime?
False
Is 88211 a composite number?
False
Is 32327 prime?
True
Is 473719 prime?
True
Is 5471 prime?
True
Is 120473 a composite number?
False
Is 12403 composite?
True
Is 574383 composite?
True
Is 21181 a prime number?
False
Is 1319 a prime number?
True
Is 5182 a prime number?
False
Is 76421 prime?
True
Is 80133 a composite number?
True
Is 98251 composite?
False
Is 11591 a prime number?
False
Is 320371 prime?
False
Is 191359 composite?
True
Is 199033 prime?
True
Is 580471 prime?
True
Is 13763 a prime number?
True
Is 3293 a composite number?
True
Is 5897 a prime number?
True
Is 154027 prime?
True
Is 70687 a prime number?
True
Is 39941 a composite number?
True
Is 3457 prime?
True
Is 163517 a prime number?
True
Is 1823 a prime number?
True
Is 341657 prime?
False
Is 104579 composite?
False
Is 20317 composite?
True
Is 6403 composite?
True
Is 7187 composite?
False
Is 2154493 composite?
True
Is 18182 prime?
False
Is 66247 a prime number?
False
Is 3689447 a composite number?
True
Is 66743 a composite number?
True
Is 379 composite?
False
Is 2879 composite?
False
Is 33311 a prime number?
True
Is 389579 a composite number?
False
Is 373849 a composite number?
True
Is 13093 a composite number?
False
Is 6127 prime?
False
Is 73999 a prime number?
True
Is 11201 composite?
True
Is 520753 a composite number?
True
Is 136049 prime?
False
Is 34669 a composite number?
True
Is 48073 composite?
False
Is 58267 prime?
False
Is 14197 prime?
True
Is 498923 prime?
True
Is 2581 a prime number?
False
Is 191779 a prime number?
False
Is 19949 a composite number?
False
Is 148243 a composite number?
False
Is 16411 a prime number?
True
Is 133465 a prime number?
False
Is 29123 composite?
False
Is 1054247 composite?
False
Is 63221 composite?
True
Is 1899901 prime?
True
Is 22886 a composite number?
True
Is 305717 a prime number?
True
Is 9481 prime?
False
Is 13661 a composite number?
True
Is 111143 composite?
False
Is 43867 a composite number?
False
Is 1115 prime?
False
Is 59593 prime?
False
Is 21635 prime?
False
Is 387193 composite?
True
Is 2671 composite?
False
Is 8491 a composite number?
True
Is 33479 a composite number?
False
Is 242863 a composite number?
False
Is 541031 prime?
False
Is 153487 a prime number?
True
Is 19042 a composite number?
True
Is 12371 a composite number?
True
Is 319087 prime?
False
Is 152983 composite?
True
Is 1682207 composite?
False
Is 37607 a composite number?
False
Is 440938 a composite number?
True
Is 84047 a composite number?
False
Is 4619 composite?
True
Is 307597 prime?
False
Is 822859 composite?
True
Is 9407 composite?
True
Is 168499 prime?
True
Is 13073 prime?
False
Is 88127 prime?
False
Is 22577 prime?
False
Is 471953 prime?
False
Is 217969 a composite number?
False
Is 17159 a prime number?
True
Is 3979 composite?
True
Is 1543 a composite number?
False
Is 23137 composite?
True
Is 1689353 prime?
True
Is 75797 composite?
False
Is 4481 prime?
True
Is 50251 a composite number?
True
Is 10559 a prime number?
True
Is 178661 prime?
False
Is 26882 a composite number?
True
Is 2819 a composite number?
False
Is 2669 a prime number?
False
Is 59347 composite?
True
Is 494483 a composite number?
Tr